What is the remainder when 890 is divided by j?
26
Let k = -29332 - -29363. Let c = -233 - -566. What is the remainder when c is divided by k?
23
Let y(z) = 3*z**2 - 214*z - 103. What is the remainder when 231 is divided by y(72)?
26
Suppose 34*b = 29*b - 15, 1138 = 4*r - 2*b. What is the remainder when r is divided by 95?
93
Let v(p) = 3*p**2 - 4*p - 9. Let w(l) = 2*l**2 - 6*l + 2. Let c be w(4). Suppose -8*g = -6*g + c. Calculate the remainder when v(g) is divided by 18.
14
Let y(a) = 54*a**2 + 7*a - 16. Calculate the remainder when y(2) is divided by 102.
10
Let t = 482 + -327. Calculate the remainder when t is divided by 48.
11
Let j be -3*(2 - 20/6). Suppose -4*c = j*c - 776. Let s = -64 + c. What is the remainder when 128 is divided by s?
29
Suppose -2*q - 4*o = -0*q + 12, 0 = o + 5. Suppose -268 = 9*w - 349. What is the remainder when 1 + (54 - q) + 2 is divided by w?
8
Let x(s) = -s**2 + 74*s - 496. Calculate the remainder when 1448 is divided by x(66).
8
Let r(g) = 4*g**3 + 3*g**2 - 151*g + 46. What is the remainder when r(8) is divided by 38?
14
Let q = 91 + 0. Suppose 10*v = 151 - q. Calculate the remainder when 81 is divided by v.
3
Let m(j) = 15*j + 2. Let o be m(8). Suppose -d - x + o = 0, 2*x = -3*d + 3*x + 374. Let b = d - 68. Calculate the remainder when b is divided by 30.
26
Calculate the remainder when 647 is divided by (-3 + 3 + -1)/(-8 - 2786/(-350)).
22
Let n = 453 + -316. Suppose -148*g = -n*g - 22. Calculate the remainder when 14 is divided by g.
0
What is the remainder when 1332 is divided by -1*(-4 - -2)*77/((-2387)/(-310))?
12
Suppose -1926 = -4*d - 2*p, 5*p + 300 = d - 187. What is the remainder when d is divided by 55?
42
Let a = 2 - -43. Suppose 3*y = -3*q + a, 5*y - q = -0*q + 75. Let s = 47 - -55. Calculate the remainder when s is divided by y.
12
What is the remainder when ((-222)/(-15))/(8338/(-440) - -19) is divided by 40?
16
Suppose 0 = 4*z - 958 + 382. Calculate the remainder when 426 is divided by z.
138
What is the remainder when (-6)/8*152/(-1) is divided by (-12 + 7)/(3/(-12))?
14
Suppose 5 - 33 = 14*d. Let n(q) = -25*q - 9. What is the remainder when n(d) is divided by 70/4 + 1/2?
5
Let f(r) = -42*r + 2960. What is the remainder when f(-91) is divided by 16?
14
Let h(k) = -34*k + 1628. Calculate the remainder when 5011 is divided by h(-1).
25
Suppose -l - 10 + 21 = -3*y, 32 = l + 4*y. Suppose 0 = 4*w - l - 104. Calculate the remainder when 152 is divided by w.
28
Calculate the remainder when 234/52*1990/15 is divided by 26.
25
What is the remainder when (-12)/(300/175)*(-12462)/14 is divided by 215?
211
Let f be (2717/(-57))/((-1)/(-3)). Let r = 169 + f. Calculate the remainder when 53 is divided by r.
1
Let w = -504 - -279. Let f = 282 + w. Let b = 5 - -5. Calculate the remainder when f is divided by b.
7
Let g(d) be the first derivative of -11*d**2/2 - 3*d - 8. Let l = 3260 + -3159. Calculate the remainder when l is divided by g(-5).
49
Let v(k) = -k**2 - 72*k - 1257. What is the remainder when 2532 is divided by v(-41)?
12
Let w(l) = -498*l - 12. Let i be w(1). Let t = -487 - i. Calculate the remainder when 42 is divided by t.
19
Let j(b) = -b**2 - 3*b - 2. Let i be j(-3). Let a be (1/2)/(i/(-4)). What is the remainder when (a - 10/(-4))*(13 - 3) is divided by 8?
3
Let x(y) = -8*y**3 - 5*y**2 + 14*y + 20. Let t be x(-6). Suppose 0 = 3*w + u - 1355 + 254, 0 = -4*w + 4*u + t. What is the remainder when w is divided by 62?
58
Let z = -24966 + 27643. What is the remainder when z is divided by 58?
9
Suppose 0 = -i + 2*i - 83. Suppose -4*x + 180 = 14*x. Suppose -88 = -x*p + 52. What is the remainder when i is divided by p?
13
Calculate the remainder when (88/(-110) - 1)/((-9)/1590) is divided by 145.
28
Suppose 35*j - 19*j = 22*j - 9684. Calculate the remainder when j is divided by 197.
38
Suppose 4*v = 6*o - 4*o + 64, 0 = 2*o - v + 52. Let d = 27 + o. Suppose 3*k - 86 = -4*u, 46 + 12 = 2*k + d*u. Calculate the remainder when k is divided by 9.
8
Suppose 16*q = 7*q - 1161. Let c = q + 138. Calculate the remainder when (-63)/(-2) + 5/10 is divided by c.
5
Let j = 3435 - 3433. Calculate the remainder when 845 is divided by j.
1
Suppose 224*g - 3*u - 44 = 220*g, 4*g - 40 = 4*u. Calculate the remainder when 4/14 - 768/(-7) is divided by g.
12
Suppose -4*s = 3*k - 185, 4*k - 233 + 3 = -2*s. Suppose -75 + 0 = r. Calculate the remainder when k is divided by ((-2)/(-5))/((-1)/r).
25
Let n(l) = -l**3 + 7*l**2 - 17*l + 43. Let t be n(10). Let w = -423 - t. Calculate the remainder when w is divided by 3.
1
Let w = -26 - -26. Suppose -5*k = -4*f + 37, 0 = -3*f - 3*k - 10 + 58. What is the remainder when -4 + w + 1 + 28 is divided by f?
12
Let d(s) = 31*s + 4*s**2 + 8*s**2 - 15*s**2 + s**2 - 30. What is the remainder when 55 is divided by d(14)?
7
Suppose -10*o - 217 = -847. Let d = -139 + 390. Calculate the remainder when d is divided by o.
62
Suppose 8*m - 4*m = 1052. What is the remainder when m is divided by (1295/(-148) + 7/1)*(-2 - 2)?
4
Let i(c) = -2*c + 0*c + 7*c - 5. Let x = 9638 + -9634. What is the remainder when 59 is divided by i(x)?
14
Suppose -2*s - 86 = 4*z - 60, -5*s + 4*z = 23. Let a(p) = p**3 + 10*p**2 + 10*p - 2. What is the remainder when 445 is divided by a(s)?
70
Suppose -3*c - 518 = -5*b, 13*b - 414 = 9*b + 2*c. Let h = b - 90. What is the remainder when 49 is divided by h?
10
Let c = -210 + 210. Suppose 2*b = c, 4*y - 36*b = -39*b + 184. What is the remainder when y is divided by 13?
7
Let n be ((-369)/(-18))/((1/(-18))/1). Let c = 389 + n. Calculate the remainder when 64 is divided by c.
4
Suppose -46*x = -44*x + 28. Calculate the remainder when (-2)/(6/15) - x is divided by 9.
0
Let m(q) be the second derivative of -1/2*q**3 - 11*q + 0 + 9/2*q**2 - 1/12*q**4. Calculate the remainder when 9 is divided by m(-4).
4
Suppose 0 = 5*a - 28 - 32. Let d = -14 + a. Calculate the remainder when -3 - 205/(10/d) is divided by 14.
10
Suppose 3*k = -5*p + 198, -2*p = -6*p + 3*k + 180. Let l = p - 21. Suppose 3*v = 3*w - 24, 5*v + 15 + 1 = 2*w. What is the remainder when l is divided by w?
5
Let y be (5 - (0 - -48))*18. Let v = -537 - y. What is the remainder when v is divided by 30?
27
Let h(a) be the third derivative of -a**4/6 - a**3/6 - 4*a**2. Let i be h(-2). Suppose -12 = d - i*d. Calculate the remainder when d is divided by 2.
0
Let q be 44/77 - 10110/(-21). Let t = q - 388. Let n(l) = 4*l**2 + l - 2. What is the remainder when t is divided by n(-2)?
10
Suppose 2*m = -g + 5, 10*m = 5*m - 5*g. Let p = m - -13. Suppose 12*s - p = 10*s. Calculate the remainder when 35 is divided by s.
8
Let i be (-47)/(-2) + (-2)/(-4). Suppose -3*r = -3*n + 63, -3*n - 5*r = n - 84. Suppose -n*d - i = -24*d. What is the remainder when 78 is divided by d?
6
Let z = 2131 - 1721. Calculate the remainder when z is divided by 32.
26
Suppose 5 - 23 = -6*y. Suppose -a = a - 54. Suppose a = y*v - 3. Calculate the remainder when v is divided by 3.
1
What is the remainder when (-3 + (-62)/10)/((-152)/10640) is divided by 251?
142
Let y = 16355 - 16150. What is the remainder when y is divided by 23?
21
Let h be (-35)/(-70) - 101/(-2). Let b = -43 + h. Calculate the remainder when 13 is divided by b.
5
Suppose -1 - 3 = -d - 2*a, -3*d = -5*a - 12. Let l(s) = 3*s**2 + s - 3. Let x = 133 - 116. Calculate the remainder when l(d) is divided by x.
15
Suppose 8*i - 33*i = -300. Let s(w) = -2*w + 1. What is the remainder when i is divided by s(-2)?
2
Suppose -737 = -7*n + 691. Let u = -12 - n. What is the remainder when 10 is divided by (9/(-4))/(81/u)?
4
What is the remainder when (-28 + 275/22)/((1 + 0)/(-14)) is divided by 16?
9
Let w be (6/9)/((-2)/(-138)). Let g = w + -34. Suppose -3*a + 10 = -2*a - 3*x, -2*x + 82 = 4*a. What is the remainder when a is divided by g?
7
Suppose -23404 = -229*a + 41403. Calculate the remainder when 24618 is divided by a.
280
Suppose 39 = -i + 2*x - 237, -3*i - 823 = -5*x. Let m = i + 282. What is the remainder when 94 is divided by m?
14
Let o = 286 - 282. Calculate the remainder when 361 is divided by o.
1
Suppose g + 2*g = 4*s + 130, 0 = -s - 1. Let z = -166 - g. Let r = z + 317. What is the remainder when r is divided by 37?
35
Let k = 832 + -463. Suppose -63 = -12*f + k. Calculate the remainder 